Let h(c) = c**2 - 13*c - 29. Suppose -31*i + 434 = 4*g, -2*i + 22 = -5*g - 6. Calculate h(i).
-15
Let f(v) be the second derivative of 7/6*v**3 - 1/12*v**4 + 11*v - 4*v**2 + 0. Suppose -3*m + 0*m - 3*w = -12, -23 = -5*m - 4*w. Give f(m).
-8
Suppose 3*l = l + 2, 2*c + 3*l - 9 = 0. Suppose -c*r = -23 - 7. Let g(u) = -u + 16. What is g(r)?
6
Let a be (23 + -28)/(3 + (-114)/33). Suppose 0*x + 4*x = 112. Suppose 0 = -18*u + a*u - x. Let v(p) = -p**3 - 5*p**2 - 3*p + 4. What is v(u)?
0
Let w(u) = -u**2 - 2*u - 2. Let g(c) be the first derivative of c**4/4 + c**3 - 25*c**2/2 - 4*c + 34. Let o be g(-7). Let f = o + 23. What is w(f)?
-2
Suppose 27 = -22*r + 19*r. Let k(p) = 7*p + 67. Let b be k(r). Let c(q) = q**3 - 6*q**2 + 4*q - 6. Determine c(b).
-22
Let n be 66/(-10) + 6/(-15). Let j(z) be the third derivative of z**4/24 + 5*z**3/3 + 4*z**2 + 201*z. Give j(n).
3
Let d be (-2)/16 + 16180/160. Let l(f) = 3 - d*f - 97*f + 202*f. Calculate l(-2).
-5
Suppose 1071 = 2*l + 1059. Let u(h) = -4*h + 3. Let v(j) = j + 1. Let p(d) = -u(d) - 3*v(d). What is p(l)?
0
Let h be 0 - -1 - (156/65 - (-7 - 512/(-80))). Let v(s) be the third derivative of 3*s**4/4 + s**3/3 + s**2. Calculate v(h).
-34
Let i(r) = -7*r**2 + 3*r**2 + 6*r**2 - 8 - 5*r**2 + 2*r**2. Determine i(0).
-8
Let i(n) be the third derivative of -n**5/60 + n**4/3 - 5*n**3/6 - 70*n**2 - n. What is i(8)?
-5
Let y(f) be the first derivative of -11*f**2/2 - 109*f - 4502. Calculate y(-12).
23
Let d(n) = -n**2 - n - 4. Let p(o) = -o**3 + 14*o**2 + 4*o - 20*o**2 + 2*o**3 + 5*o**2. Let r be p(0). Determine d(r).
-4
Let g(d) = -15*d - 131. Let q be g(-7). Let p = 27 + q. Let r(x) = 19*x - 1. Calculate r(p).
18
Suppose -4 - 10 = 2*w. Let g(v) = -2*v - 1. Let l = -127 - -128. Let q(i) = -7*i - 10. Let r(n) = l*q(n) - 2*g(n). Determine r(w).
13
Let u(j) = 14*j**2 + 742*j + 6. Let h be u(-53). Let k(l) = l**2 + 7*l - 9. Calculate k(h).
69
Let w(d) = -d - 62. Let k be w(-67). Let f(q) be the first derivative of 1 + 1/2*q**2 + k*q. Give f(0).
5
Let z = 242 + -234. Suppose 3*t - 7*q + z*q + 17 = 0, 3*t + 5*q = -13. Let y(k) = k**3 + 5*k**2 - 7*k - 5. Determine y(t).
1
Let h = -100 + 102. Let n(u) = -u + 1897*u**h - 3804*u**2 + 1904*u**2 + u**3 - 5. What is n(3)?
-8
Let g(w) be the third derivative of 0*w - 1/30*w**5 - 6*w**2 - 1/120*w**6 + 1/6*w**4 - 8 - 5/6*w**3. Calculate g(-4).
11
Let u(j) be the second derivative of j**5/4 - j**4/6 + j**2/2 - 452*j + 1. Let m(q) = 0 - 1 + 0*q + q. Let w be m(0). What is u(w)?
-6
Suppose 4 = -o + 5*k, -3*k - 10 + 16 = 0. Let f = -2 + 5. Let r be o/(-12) + f*2/(-4). Let w(q) = q + 2. Determine w(r).
0
Let l be (-3 - -1 - -3) + 2 + 1. Let z(u) = u - 2*u - l + 4. Calculate z(-2).
2
Let m(w) = -3*w + 15 - 42252*w**3 - 4*w**2 + 42253*w**3 - 3*w**2. Calculate m(7).
-6
Let n(w) = 6*w - 4. Let o(b) = -b. Let h(j) = 3*n(j) + 15*o(j). Let l = -1260 - -1267. What is h(l)?
9
Let a(c) = -3*c**2 - 6*c - 7. Let l = 143 + -145. Let h(n) = 4*n**2 + 5*n + 7. Let k(r) = l*h(r) - 3*a(r). Give k(-6).
-5
Let v be (4/(-10))/((-18)/15) - 13/39. Let f(a) = -2*a**2 + 6*a - 1. Determine f(v).
-1
Let u(d) = d**3 + 11*d**2 - 33*d + 23. Let t(o) = -48*o**2 + 772*o - 78. Let r be t(16). Give u(r).
-103
Let x(y) = -4*y + 5*y + 2*y - 2*y - 3. Let c be 2/(-4)*(9 - 3). Give x(c).
-6
Let n(g) be the second derivative of 7*g**3/6 + 93*g**2/2 + 1070*g. Give n(-13).
2
Let f(w) be the third derivative of w**5/30 + w**4/8 + 2*w**3/3 + 4367*w**2. What is f(0)?
4
Let s(k) be the first derivative of -8*k**3/3 - k + 312. Let x(j) = j**3 - 8*j**2 + 4*j - 34. Let c be x(8). What is s(c)?
-33
Let d(o) = 2*o**2 + 7*o + 1. Suppose -7*n - 32 + 4 = 0. Let q be d(n). Suppose 5*a - q = 2*f, -3*f = -2*f + 5*a + 10. Let s(z) = z + 7. Determine s(f).
2
Let f = -46 - -279. Let m(n) = 233 + 6*n**2 - n - f. Give m(-1).
7
Let r(d) = d**2 - 45*d + 8. Let i(a) = -2*a**2 + 65*a - 12. Let y(j) = 5*i(j) + 8*r(j). Determine y(-17).
21
Let r(a) be the third derivative of 5*a**9/12096 + a**6/720 + a**5/12 - a**4/8 + 11*a**2 - 2*a. Let x(z) be the third derivative of r(z). Calculate x(-1).
-24
Let b be (51/78 - (-14)/(-91))*14. Let p(a) = -b + 4 + 0*a + 2*a - 7. Give p(8).
6
Let x(r) be the third derivative of 1/120*r**6 + 0*r + 0 - 115*r**2 + 1/6*r**3 + 1/15*r**5 - 1/24*r**4. Calculate x(-3).
13
Suppose -2*q = -27 + 23. Suppose 4*o = q*o + 6. Suppose -4*w - 8 = -2*j, o*w + 0*w + 5*j = -19. Let d(v) = -v**3 - 4*v**2 + 3. Calculate d(w).
-6
Let d(y) = -24 + 454*y - 718*y + 267*y. Calculate d(13).
15
Let o = -516 + 526. Suppose 17 = -2*v - 5*i + o, -3 = -3*v - 3*i. Let d(q) = -q + 9. What is d(v)?
5
Let m(u) = -u**2 - 7*u - 3. Suppose 2*x + 5*q - 5 - 4 = 0, 4*x - 2*q = 6. Suppose 5*v + 34 = o, 0 = -2*v - x*o - 1 - 15. Determine m(v).
-3
Let r(t) = -t**3 + 21*t**2 - 15*t - 42. Suppose -10*y + 7*y = -5*z + 88, 5*z = -4*y + 116. Determine r(z).
58
Let l(m) = -10*m**3. Let o(r) = -45*r + 355. Let v(z) = -30*z + 237. Let a(b) = -5*o(b) + 8*v(b). Let s be a(8). Give l(s).
-10
Let a(c) be the third derivative of c**6/120 + c**5/6 + c**4/24 + 17*c**3/6 - 530*c**2. Calculate a(-10).
7
Let l(d) be the first derivative of -d**4/4 - 8*d**3/3 - 7*d**2 - 5*d - 2060. Give l(-6).
7
Let g(r) = -4*r**2 - 6*r - 1. Let c(d) = d + 1. Let t(f) = 4*c(f) + g(f). Suppose 12 = -4*o + 5*l, -8 = -14*l + 12*l. What is t(o)?
-17
Let g be (-8262)/(-10) - 18/90. Let v(t) = g - t**2 - 831 - t - 9*t. What is v(-7)?
16
Let v(a) = a - 12. Let k = 15 + -14. Let b be (0 - -13) + (k - 2) + -3. What is v(b)?
-3
Let l(o) = 10*o - 11. Let x be l(2). Let v = -3 + x. Let f(w) be the second derivative of -w**5/20 + w**4/2 - w**3/6 + 7*w**2/2 - 5*w. Calculate f(v).
1
Let a(f) = f**3 - 4*f**2 + 3. Let v(h) = h**3 + 22*h**2 + 8*h + 140. Let d be v(-22). Let t(y) = -9*y - 320. Let m be t(d). Calculate a(m).
3
Let q(p) = -p**2 + 6*p + 5. Let g(t) = -t**2 - 22*t - 16. Let m(v) = 11*v + 8. Let d(b) = -2*g(b) - 5*m(b). Let o(w) = -4*d(w) - 7*q(w). What is o(2)?
-3
Let p(y) = -y**3 + 19*y**2 + 24*y + 7. Let u be p(20). Let b(a) = -2 + u*a + 2*a**3 - 3*a**3 + 5*a**2 - 88*a. Let i = 50 - 45. Calculate b(i).
-7
Let o = 2481 - 2506. Let i(q) = q**2 + 24*q - 26. What is i(o)?
-1
Let h(n) = -917*n + 1851*n - 926*n - 1 + 2. Determine h(1).
9
Let c(s) = -s**3 + 4*s**2 + s. Suppose -21 = 5*l + i, -3*l + 5*l - 4*i = 18. Determine c(l).
60
Let l(o) = -2*o**3 - 2*o**2 + 4*o**2 + 4*o + 2 + 3*o**3. Let j = 1029 + -721. Let g = j - 310. Calculate l(g).
-6
Suppose -5*n - 5*a + 30 = 0, -n + 5*a - 12 = -0*a. Let o(p) = -n + 0 + 349*p**2 - 348*p**2 - 2*p - p. Determine o(4).
1
Let k(u) = u**2 - 9*u + 9. Let j be 29/4 - 2/8. Suppose j*d = 2*d + 30. What is k(d)?
-9
Let r(n) = 14*n + 1. Let s(p) = p**3 - 3*p**2 - 74*p + 182. Let a be s(9). What is r(a)?
29
Let l(r) = 25*r**3 + 151*r**2 + 4*r - 8. Let f be l(-6). Let o(b) = b**3 - 2*b**2 + 5*b + 2. Calculate o(f).
54
Let v(z) be the second derivative of 1/12*z**4 + 1/6*z**3 + 0 + 33*z - z**2 - 1/30*z**5. Let d(k) be the first derivative of v(k). Determine d(-1).
-3
Let d(p) = -p + 11. Suppose 45*q - 38*q = 1197. Let k = q + -161. What is d(k)?
1
Let k(s) = -14 - 26 - 3*s + 2*s + 64 - 19. Calculate k(0).
5
Let k = 15 - 13. Let v(j) = 15 - 3*j + 0*j + j**k + 2*j. Suppose 40*b = 50*b. Determine v(b).
15
Let l(z) be the first derivative of z**4/4 + 5*z**3/3 + z**2 + z - 2. Let j(f) = -5*f + 7*f - 2*f**3 + 61 + 3*f**3 + 10*f - 17*f**2. Let p be j(16). Give l(p).
13
Let c(y) = -y**2 - y + 6. Suppose 6*m = 3*m. Suppose -3*b - 6 = 0, 2*b + m*b + 4 = v. What is c(v)?
6
Let u(g) = 1743*g**2 + 11760*g**3 - 1 - 1744*g**2 + 5*g - 11762*g**3. Calculate u(2).
-11
Let d(i) be the first derivative of -i**7/840 - i**6/72 + i**5/60 - 7*i**4/24 - i**3/3 + 23*i + 67. Let o(w) be the third derivative of d(w). Give o(-5).
-17
Let h(z) = -z**2 - 6*z. Let q(m) = 5*m**3 - m**2 - 4*m - 3. Let i be q(-1). Let l be h(i). Let g be 45/(-10) + l/(-10). Let j(c) = c**2 + 1. What is j(g)?
26
Let m be (3/2)/(1/2). Let b(g) = 4*g - 11. Let a be b(m). Let d(h) = 26*h - 7. Let l(z) = z - 1. Let c(r) = d(r) - 6*l(r). What is c(a)?
19
Let p = 184 - 182. Let s(n) = 3 + 0*n + 7161*n**p - 7162*n**2 - n. Give s(0).
3
Let g be (-21 - -20) + -4*(0 - 1). Let l(d) = -d - 1. Let t(s) = 4*s + 6. Let x(u) = 3*l(u) + t(u).